v + 6 = -3*j. What is the units digit of v?
7
Let q = 6 - 3. Suppose 0 = q*w - 1 - 62. What is the tens digit of w?
2
Suppose 4*l - 2*l = 4. Let r be (l - 4/1)/(-2). Suppose 5 = 2*m + r. What is the units digit of m?
2
Let n = -17 + 23. What is the units digit of n?
6
Suppose -9*q + 7*q = -88. What is the units digit of q?
4
Let r(c) = 3*c + 58. What is the units digit of r(14)?
0
Suppose 2*r + 0*r - 20 = 0. Suppose -6*y = -4*y + 5*m - 8, -5*m = 5*y + r. What is the units digit of ((-4)/y)/((-4)/(-24))?
4
Let s(m) be the second derivative of m**5/20 - m**4/4 + 3*m**2/2 + 2*m. Let j be 8/(-12) - (-22)/6. What is the units digit of s(j)?
3
Let u = 20 + -13. Let v be u - (-2 + (-4)/(-1)). Suppose v*p + 26 - 5 = -s, s + 3*p + 11 = 0. What is the units digit of s?
4
Let x(c) be the second derivative of c**4/6 - 7*c**3/6 + 2*c**2 - 3*c. Let w be x(4). Suppose -q - q = -w. What is the units digit of q?
4
Suppose 531 = 4*w - 5*i, -6*w + 501 = -2*w + 5*i. Suppose 4*s + 0*u - 114 = 2*u, -4*s = -5*u - w. What is the tens digit of s?
2
Let o = 7 - 11. Let k = o - 6. Let c = 19 + k. What is the units digit of c?
9
Let z(p) = -p**3 - 9*p - 1 + 4*p - 5*p**2 - 2. What is the units digit of z(-4)?
1
Let z = -1 - 12. What is the tens digit of 0 + -1 - 0 - z?
1
Suppose -46 = -9*g + 8*g. What is the tens digit of g?
4
Suppose 4*a + 140 = 2*k - 0*k, 0 = 4*k + 2*a - 320. What is the tens digit of k?
7
Let z be 4/3*6/4. Suppose 4*o = 2*v - 12, -2*v + 18 = v - z*o. What is the tens digit of (-6)/(-9) - (-56)/v?
1
Suppose -21 = -2*f - 5. What is the units digit of f?
8
Suppose -20*c + 27*c - 1869 = 0. What is the units digit of c?
7
Let g(z) = z**3 - 4*z**2 - 6. Let h be g(5). Suppose -c + h = -3*r, r = c - 0*r - 15. What is the tens digit of c?
1
Let y be (-2)/(3 + (-26)/8). Let c be 0 + 1 - -3*1. Suppose -r - c*h + y = -2*h, -4*h - 8 = -2*r. What is the units digit of r?
6
Let q be 0 + 10*(-3)/6. Let x = q + 13. Suppose -x*n + 22 = -4*n + 2*d, -4*d = 4. What is the units digit of n?
6
Suppose -4*j + 4*t + 31 = t, j - 2*t - 14 = 0. Suppose -j*q - 80 = -4*c, 10 + 5 = -3*q. What is the tens digit of c?
1
Let f = -157 + 99. What is the units digit of 2/6 - f/6?
0
Let i(s) = -s**2 + 12*s + 8. Let u be i(6). Suppose 3*q = -3*l + 36 - 6, 5*q + 3*l = u. What is the units digit of q?
7
Suppose -b = -3*b - 8, i + 5*b - 24 = 0. Suppose t - i = -3*t. What is the tens digit of t?
1
Let j(c) = 5*c**3 + 3*c**2 - c. Let l be j(2). Suppose -2*d + 32 = -l. What is the units digit of d?
1
Let o(j) = -j**3 - 5*j**2 - 4*j - 2. Let b be o(-2). What is the units digit of (-2)/b - (-15)/9?
2
Let o = 306 + -119. What is the tens digit of o?
8
Let f be (3 - -26 - -2)/1. Let o = -20 + f. What is the units digit of o?
1
Suppose 6*u = 18 + 24. What is the units digit of u?
7
Let z be (7 - 1)*(-9)/(-27). Suppose -a + 4*y + 26 = 0, z*y = a + 5*y - 26. What is the tens digit of a?
2
Let h be 32/14 - 8/28. Let f(t) = -5 - 2 - 2*t - t**h + 12*t. What is the units digit of f(5)?
8
Let r(o) = 4*o**3 - 11*o**2 + 21*o + 8. Let k(g) = g**3 - 3*g**2 + 5*g + 2. Let f be 0*1/(-2) - 9. Let c(y) = f*k(y) + 2*r(y). What is the units digit of c(4)?
2
Let w(f) = -9*f - 1. Let m be w(-1). Suppose 0 = m*v - 3*v - 45. Suppose 0*k + v = k. What is the units digit of k?
9
Suppose -2*w = -w + 3. Let m(q) = q**3 + 4*q**2 + 2*q. Let n be m(w). Suppose 0 = -0*o + n*o - 30. What is the units digit of o?
0
Let r(o) = 13*o**3 + o**2 + 2. What is the tens digit of r(2)?
1
Let k = -15 + 21. Suppose 6*q - 4*q - k = 0. Suppose -4*o + q + 1 = 0. What is the units digit of o?
1
Suppose t = l + 11, 0*t + 2*l + 28 = 3*t. What is the units digit of t?
6
Suppose 0 = g + 4 - 8. Let n = 20 - 4. Suppose -n = -g*w + 12. What is the units digit of w?
7
Suppose 3*y + 8 = 2. Let s be 2*(1/2 - y). Suppose -g + 3*l - 6 = -1, s*g = -3*l + 11. What is the units digit of g?
1
Suppose 0 = i - 5*o - 28, 2*i + 4*o = -3*i + 24. What is the units digit of i?
8
Let i be ((-60)/(-18))/(2/6). What is the units digit of (6/10)/(2/i)?
3
Let m be -1 + 133 + (-14)/14. Suppose -m = -5*l + 9. What is the tens digit of l?
2
Let y(w) = 6*w + 3. Let c = 14 - 11. What is the units digit of y(c)?
1
Let b(s) = -7*s + 12. Let p(q) = 4*q - 10. Let m(z) = 3*z - 9. Let y(w) = 2*m(w) - 3*p(w). Let j(u) = -5*b(u) + 6*y(u). What is the units digit of j(5)?
7
Let t be (10/4)/(7/(-14)). Let m = t + 13. What is the units digit of m?
8
Let o(g) = 2*g**3 - 5*g**2 + 5*g - 2. What is the units digit of o(4)?
6
Let x = 11 - -15. What is the units digit of x?
6
Suppose -4*x + 30 = -2*f, 7*f - 3*f + x + 15 = 0. Let b = f - 2. What is the units digit of (57/(-21) + 1)*b?
2
Suppose -x + 161 = b - 0*b, -319 = -2*b + x. What is the tens digit of b?
6
Suppose 4*j - 8*j + 288 = 0. Suppose 2*o - 3*f = -6*f + 33, 3*f + j = 3*o. What is the units digit of o?
1
Let c(n) = n + 2. Let s be c(0). Let y = s - -7. What is the units digit of y?
9
Suppose 0*k + 4*k - 196 = 0. Suppose -4*r - 9 = -k. What is the units digit of r?
0
Let p(t) = 3*t - 1. What is the units digit of p(11)?
2
Let h(m) = -m**3 + 12*m**2 - 6*m + 7. What is the hundreds digit of h(7)?
2
What is the units digit of ((-3)/18)/((-1)/3)*6?
3
Let p = -27 - -54. What is the units digit of p?
7
Let a(d) = 4*d + 4. Let x be a(-3). Suppose -5*j + 4*o = 59 + 45, 2*j + 3*o = -37. What is the units digit of (-5)/j + (-6)/x?
1
Let o(z) = z**2 + z + 34. What is the tens digit of o(0)?
3
Suppose -20*f + 16*f = 0. Suppose -3*y + 0*y + 4*d + 85 = f, -2*d - 8 = 0. What is the units digit of y?
3
Suppose 5 + 3 = 4*f. Let z be 7/5 - f/5. Suppose 3*u - z = 14. What is the units digit of u?
5
What is the tens digit of -1*(367/(-2) - (-39)/26)?
8
Suppose 23 = 4*v + 3*r, -3*v - 2*r + 27 = 2*v. Suppose -w + 60 = -v*n + 4*w, -4*w = -n - 12. Let k = 18 + n. What is the units digit of k?
6
Suppose -5*m = 2*h - 44, 7 + 11 = m + 5*h. Suppose -17 = -2*c - 5*q, 4*c + q + 1 - m = 0. Let o(s) = 8*s. What is the units digit of o(c)?
8
Let l(w) be the first derivative of w**3/3 - w**2/2 + 4. What is the units digit of l(-1)?
2
Let r = -22 - -141. Let z = r - 85. What is the units digit of z?
4
Let c(j) be the second derivative of j**4/6 - 13*j**3/6 + 7*j**2/2 + 6*j. What is the units digit of c(6)?
1
Suppose -4*j + 50 + 174 = 0. What is the units digit of j?
6
Let s be 2 + 1 + -1 - 2. Let g(m) = -m**3 - 5*m**2 + 6. Let r be g(-5). Suppose -3*f + r*f - 6 = s. What is the units digit of f?
2
Suppose 0 = -i - 9 - 0. Let u = -4 - i. What is the units digit of u?
5
Let o(w) be the second derivative of w**5/20 + 7*w**4/12 - w**3/2 + 2*w**2 + 2*w. What is the units digit of o(-7)?
5
What is the hundreds digit of (-3)/((-618)/154 - -4)?
2
Let g = 1 - -1. What is the units digit of g/6*(-90)/(-5)?
6
Suppose 8 = 5*w - 2. Suppose -6 = -2*i, 0 = -0*b - w*b + i + 17. What is the tens digit of b?
1
Suppose -3*d = 4*v - 3, 5*d + 0*v + 27 = 4*v. What is the units digit of (2/(-4))/(d/6)?
1
Let c(z) = -z**2 - 10*z - 6. Let h be c(-9). Suppose -3*o - 10 = 2*o. Let a = o + h. What is the units digit of a?
1
Let l(h) = 4*h**3 + 1. Let u(c) = -c**2 + 4*c - 2. Let q be u(3). Let t be l(q). What is the tens digit of (-216)/(-20) + 1/t?
1
What is the units digit of (-2)/8 - (-894)/24?
7
Suppose -18 = 3*s - 3*p, -5*s = -3*s + 3*p - 13. Let v = 25 + s. What is the tens digit of v?
2
Let m(i) = i**3 + 3*i**2 - 3*i + 4. Suppose -3*p - 14 = -5*s, 0 = 5*s + 3 - 23. Suppose 0 = -2*x - 2, p*x = 3*z + 3*x + 10. What is the tens digit of m(z)?
1
Let l(y) = -y**2 + 14*y - 12. Suppose 19 = 5*f - 26. What is the tens digit of l(f)?
3
Let v be 4/10 + (-52)/(-20). Let n(z) = 4*z. What is the tens digit of n(v)?
1
Let d(k) = k + 8. What is the units digit of d(14)?
2
Let p(c) = c**2 - 9*c - 7. What is the tens digit of p(-6)?
8
Suppose 11*s - 8*s - 237 = 0. What is the units digit of s?
9
Let j(o) = -o**2 + 14*o - 18. Let p be j(12). Let y = p + 14. What is the units digit of y?
0
Suppose 3*i + 2*c = 45 + 116, 2*c + 263 = 5*i. What is the units digit of i?
3
Let j(z) = -2*z - 3. Let v(g) = g. Let h(o) = j(o) + 4*v(o). Let a be 4 + -2 + 0 - 0. What is the units digit of h(a)?
1
Suppose -2*r = 2*r - 20. Suppose -10 = 5*n + r. What is the tens digit of (3/(n/(-17)))/1?
1
Let a = 4 - 2. Suppose -a*l 